
What is the greatest common factor of 150 and 2598600?
150
Calculate the greatest common divisor of 34661 and 43263.
253
Calculate the greatest common factor of 137549 and 2615.
523
Calculate the greatest common factor of 235035 and 555.
15
What is the greatest common divisor of 1050 and 132?
6
What is the greatest common divisor of 1358 and 557459?
679
What is the highest common divisor of 1423 and 5235217?
1423
What is the highest common factor of 108 and 235467?
27
What is the greatest common factor of 1804 and 110?
22
What is the greatest common factor of 1934226 and 17?
17
Calculate the highest common divisor of 20 and 238930.
10
Calculate the greatest common divisor of 4140 and 184000.
460
Calculate the highest common factor of 235 and 172772.
47
What is the greatest common factor of 152460 and 180?
180
Calculate the greatest common divisor of 12627 and 276.
69
Calculate the greatest common divisor of 2962656 and 2592.
2592
What is the highest common divisor of 450 and 102250?
50
Calculate the highest common factor of 2345 and 2233.
7
What is the greatest common factor of 353 and 2136709?
353
What is the highest common factor of 13545 and 3654?
63
Calculate the highest common divisor of 9 and 5949.
9
Calculate the highest common divisor of 52 and 54548.
52
Calculate the greatest common divisor of 3427 and 1403.
23
What is the highest common factor of 784 and 28714?
98
Calculate the greatest common divisor of 151952 and 464.
16
What is the highest common divisor of 73890 and 6?
6
What is the highest common factor of 276065 and 5?
5
What is the highest common factor of 2462477 and 58?
29
Calculate the greatest common divisor of 405616 and 4.
4
What is the highest common divisor of 232 and 228056?
232
What is the greatest common divisor of 405635 and 372?
31
What is the highest common factor of 12460 and 74060?
140
What is the highest common factor of 21176 and 1432?
8
What is the highest common divisor of 315 and 39510?
45
Calculate the greatest common factor of 125 and 6471375.
125
Calculate the highest common divisor of 1230 and 910610.
410
What is the greatest common divisor of 323 and 62339?
323
What is the greatest common divisor of 1211476 and 10976?
1372
What is the greatest common divisor of 100867 and 13?
13
Calculate the highest common divisor of 504 and 18912.
24
What is the highest common divisor of 9 and 122130?
9
What is the greatest common factor of 2426 and 1233621?
1213
What is the highest common factor of 372 and 2658?
6
What is the greatest common factor of 435 and 12470?
145
What is the highest common divisor of 400 and 915400?
200
Calculate the greatest common divisor of 63822 and 759.
33
Calculate the greatest common factor of 107131 and 3595.
719
What is the greatest common factor of 157994 and 788?
394
What is the greatest common divisor of 288681 and 123?
123
Calculate the greatest common factor of 297 and 4923.
9
What is the highest common factor of 120 and 149010?
30
Calculate the greatest common divisor of 7532 and 3388.
28
Calculate the highest common divisor of 355006 and 834.
278
What is the highest common factor of 36336 and 144?
48
What is the greatest common divisor of 56460 and 180?
60
What is the highest common factor of 4 and 714808?
4
What is the highest common factor of 242760 and 20?
20
Calculate the greatest common divisor of 12767239 and 61.
61
What is the greatest common divisor of 312 and 3872?
8
What is the highest common factor of 10183 and 1870?
17
Calculate the highest common divisor of 28161 and 378.
189
What is the highest common divisor of 784 and 54992?
112
What is the highest common divisor of 5589 and 81558?
207
What is the highest common divisor of 14028 and 156?
12
Calculate the highest common divisor of 1357992 and 9.
9
Calculate the highest common factor of 486 and 10287.
81
What is the highest common divisor of 463203 and 481?
481
What is the greatest common factor of 905 and 7983005?
905
What is the greatest common divisor of 1130 and 940725?
565
What is the highest common divisor of 44 and 2750?
22
Calculate the greatest common factor of 21 and 7168.
7
What is the highest common factor of 3550 and 11000?
50
What is the greatest common divisor of 41886 and 2574?
234
What is the greatest common factor of 3429 and 621?
27
What is the greatest common divisor of 1809423 and 882?
441
Calculate the greatest common divisor of 67 and 55409.
67
Calculate the greatest common factor of 130 and 3136055.
65
What is the greatest common factor of 419966 and 22?
2
Calculate the highest common divisor of 1339 and 988.
13
Calculate the highest common factor of 7992585 and 2115.
2115
Calculate the greatest common factor of 7500249 and 27.
27
Calculate the greatest common factor of 1959 and 246.
3
Calculate the highest common factor of 2088 and 59976.
72
Calculate the greatest common factor of 24870 and 462.
6
What is the highest common factor of 32 and 30112?
32
What is the highest common factor of 744 and 557280?
24
Calculate the highest common divisor of 9191 and 14140.
707
What is the highest common divisor of 153717 and 3?
3
What is the highest common divisor of 27950 and 125?
25
Calculate the greatest common factor of 160 and 55.
5
Calculate the greatest common factor of 6222 and 40817.
17
Calculate the highest common divisor of 80 and 1417040.
80
What is the greatest common divisor of 375360 and 544?
544
Calculate the greatest common factor of 138 and 35106.
6
Calculate the greatest common factor of 674006 and 76.
38
What is the greatest common factor of 7757462 and 478?
478
Calculate the highest common factor of 219 and 1266.
3
Calculate the greatest common divisor of 1018241 and 7.
7
What is the greatest common factor of 2169 and 209188?
241
Calculate the highest common divisor of 172 and 84022.
86
What is the greatest common divisor of 14 and 167153?
7
What is the highest common factor of 393355 and 9815?
755
Calculate the greatest common divisor of 1967 and 511.
7
What is the highest common factor of 758037 and 42?
21
What is the greatest common factor of 13 and 17147?
13
What is the greatest common factor of 118123 and 2185?
19
Calculate the greatest common divisor of 32 and 215584.
32
What is the highest common divisor of 1366974 and 342?
342
Calculate the greatest common divisor of 1859 and 1188.
11
Calculate the greatest common divisor of 386 and 17949.
193
Calculate the highest common factor of 108204 and 84.
12
What is the greatest common divisor of 495 and 1969?
11
What is the highest common factor of 18676 and 243754?
322
What is the highest common divisor of 400 and 799300?
100
What is the greatest common divisor of 56 and 134344?
56
What is the highest common factor of 336 and 3423?
21
What is the greatest common factor of 3639 and 9?
3
What is the highest common divisor of 19760 and 487760?
1040
Calculate the greatest common divisor of 1205983 and 346.
173
Calculate the highest common divisor of 720 and 78660.
180
What is the greatest common divisor of 1575 and 200?
25
What is the greatest common divisor of 3474529 and 387?
43
Calculate the greatest common factor of 1123760 and 48.
16
What is the highest common divisor of 60643 and 6919?
407
What is the greatest common factor of 14 and 367?
1
Calculate the highest common factor of 892 and 206.
2
What is the greatest common divisor of 24 and 217092?
12
Calculate the highest common factor of 31148 and 208.
52
Calculate the greatest common divisor of 8909 and 1711.
59
What is the highest common divisor of 3 and 468744?
3
Calculate the greatest common factor of 147 and 62867.
49
Calculate the highest common factor of 310450 and 2520.
70
Calculate the greatest common factor of 2112 and 10725.
33
What is the highest common divisor of 30 and 70215?
15
Calculate the greatest common factor of 1060 and 5614820.
1060
Calculate the greatest common divisor of 42 and 1412208.
42
What is the greatest common factor of 282 and 893?
47
Calculate the greatest common divisor of 66 and 703923.
33
What is the highest common factor of 74 and 431?
1
What is the highest common factor of 11285 and 555?
185
Calculate the greatest common divisor of 807 and 203902.
269
Calculate the highest common factor of 3808 and 1323.
7
What is the greatest common